8. Give l(-13).
-8
Let t(m) = 97*m - 353. What is t(4)?
35
Let x(m) = -2*m - 1. Determine x(2).
-5
Let m(f) = f**3 + 9*f**2 + 8*f + 8. Give m(-8).
8
Let s(h) = h**3 + 8*h**2 + 8*h + 7. Determine s(-6).
31
Let y(x) = -x + 6. What is y(6)?
0
Let l(x) = -4*x - 36. Calculate l(-11).
8
Let o(u) = u - 4. What is o(9)?
5
Let f(q) = 6*q**2 - 6*q + 3. Give f(2).
15
Let d(r) = r**2 + 6*r - 57. Determine d(-11).
-2
Let d(j) = j**3 + 15*j**2 - 2*j - 8. Determine d(-15).
22
Let b(f) = f**3 + 3*f**2 + 3*f + 3. Calculate b(-2).
1
Let b(z) = -3*z**3 - 5*z**2 + 3*z. What is b(1)?
-5
Let x(g) = -g**2 - 2*g - 7. Give x(-2).
-7
Let c(z) = z**3 + 6*z**2 + 3*z - 8. What is c(-6)?
-26
Let v(g) = g**3 - 7*g**2 + g - 9. Calculate v(7).
-2
Let n(j) = 3*j + 80. Calculate n(-23).
11
Let v(l) = -l**3 + 33*l**2 - 2*l + 59. What is v(33)?
-7
Let f(r) = -r + 8. Calculate f(-5).
13
Let j(c) = c**3 - 5*c**2 - 2*c - 1. Calculate j(6).
23
Let u(q) = q**2 - q - 42. What is u(0)?
-42
Let a(j) = 6*j - 17. Determine a(5).
13
Let b(w) = w**3 - 5*w**2 - 18*w + 56. What is b(6)?
-16
Let i(f) = -f**2 + 16*f - 29. What is i(14)?
-1
Let x(y) = -2*y**2 + 8*y + 7. Determine x(4).
7
Let d(r) = -2*r**3 - 21*r**2 - 11*r - 13. Determine d(-10).
-3
Let v(h) = h**2 + 11*h + 15. What is v(-8)?
-9
Let m(b) = 3*b**2 - 86*b - 14. Give m(28).
-70
Let d(y) = -9*y + 4. Determine d(-5).
49
Let c(w) = w**2 - 17*w + 35. Calculate c(15).
5
Let l(i) = i**3 - i**2 - i + 12. Determine l(0).
12
Let p(k) = 2*k**2 - 46*k - 59. Determine p(28).
221
Let w(s) = -s**2 + 5*s - 4. What is w(7)?
-18
Let p(n) = -n**3 - 6*n**2 + 4*n - 18. Calculate p(-7).
3
Let f(m) = -m**3 + 28*m**2 + 20*m + 272. Give f(29).
11
Let c(x) = x**3 - 7*x**2 - 6*x + 72. Determine c(5).
-8
Let r(w) = -w**3 + 22*w**2 - 22*w + 8. What is r(21)?
-13
Let i(y) = y**2 + 10*y + 22. Give i(-3).
1
Let m(a) = -a**2 + 61. Determine m(0).
61
Let d(g) = 13*g - 11. What is d(-9)?
-128
Let l(u) = -u**2 + 14*u - 21. Determine l(12).
3
Let m(b) = b**3 - 6*b**2 - 4*b - 7. Determine m(4).
-55
Let c(p) = -p**3 + 5*p**2 - 2*p - 8. What is c(3)?
4
Let p(i) = -3*i - 5. Give p(4).
-17
Let d(v) = -v**3 + 4*v**2 + 2*v + 7. What is d(5)?
-8
Let z(i) = i**3 + 7*i**2 + 10*i + 10. Give z(-7).
-60
Let k(u) = -u + 10. Calculate k(9).
1
Let b(j) = -4*j. Give b(-6).
24
Let t(x) = 6*x**2 - 9*x + 7. Give t(4).
67
Let i(k) = -25*k + 456. Determine i(18).
6
Let m(z) = z - 21. Calculate m(11).
-10
Let f(n) = -2*n**3 - 21*n**2 - 7*n + 21. Give f(-10).
-9
Let r(y) = -4*y + 17. Determine r(6).
-7
Let d(z) = z**2 + 275*z - 1123. Give d(4).
-7
Let b(c) = -69*c + 58. Calculate b(1).
-11
Let a(t) = -5*t + 95. Determine a(0).
95
Let k(p) = p**3 - 53*p**2 - 107*p - 187. What is k(55)?
-22
Let u(g) = -g**3 - 6*g**2 - 11*g - 18. Calculate u(-5).
12
Let k(b) = 16*b - 228. Determine k(14).
-4
Let l(z) = -z**3 - 13*z**2 + 13*z - 35. Calculate l(-14).
-21
Let b(l) = l**3 + 4*l**2 - 6*l + 1. Determine b(-5).
6
Let w(r) = 6*r + 6. Calculate w(-4).
-18
Let q(f) = -f**2 + 25*f - 148. What is q(12)?
8
Let v(z) = -z + 2. Calculate v(4).
-2
Let w(j) = -3*j**3 - j**2 + 2*j + 2. What is w(-2)?
18
Let j(z) = z - 20. Calculate j(8).
-12
Let l(r) = -r**2 - 7*r - 8. What is l(-4)?
4
Let n(h) = -h**2 + 24*h - 8. Calculate n(13).
135
Let a(w) = 7*w**3 - w**2 - w. What is a(2)?
50
Let f(l) = l**2 - 2*l - 1. Give f(-2).
7
Let d(f) = 4*f - 37. Calculate d(9).
-1
Let c(d) = -3*d + 7. Calculate c(11).
-26
Let y(f) = f**3 - f**2 + f - 1. What is y(0)?
-1
Let r(l) = 3*l - 8. Calculate r(14).
34
Let l(x) = 8*x + 37. What is l(-11)?
-51
Let y(c) = -c**3 - 12*c**2 + 11*c + 11. Give y(-13).
37
Let k(s) = -s**2 - 7*s + 23. Give k(-9).
5
Let l(p) = -p**3 + 16*p - 4. Give l(-4).
-4
Let l(c) = -c**2 + 34*c + 191. Calculate l(39).
-4
Let f(j) = -12*j + 46. Determine f(3).
10
Let q(h) = -h**2 - 6*h - 5. What is q(-8)?
-21
Let u(v) = -v**3 + 2*v**2 + v + 3. Calculate u(3).
-3
Let v(j) = -2*j**2 + 21*j + 8. Give v(11).
-3
Let y(j) = -16*j + 600. Give y(38).
-8
Let n(u) = 4*u + 49. What is n(-20)?
-31
Let d(m) = 9*m - 25. What is d(5)?
20
Let r(t) = t**2 - 15*t - 25. Give r(15).
-25
Let m(z) = 12*z**2 - 7*z - 10. Calculate m(-2).
52
Let a(u) = -2*u**2 + 2*u + 59. Give a(-5).
-1
Let a(m) = -6*m**2 + 6*m - 6. Give a(4).
-78
Let c(k) = 17*k - 110. Determine c(6).
-8
Let l(h) = h**2 + 13*h - 254. Give l(-24).
10
Let t(d) = -3*d + 32. What is t(10)?
2
Let a(p) = -p**3 + 6*p**2 + 7*p - 8. Calculate a(7).
-8
Let f(i) = i**2 - 9*i + 7. Give f(8).
-1
Let h(x) = 18*x + 3. What is h(1)?
21
Let s(t) = -242*t - 483. What is s(-2)?
1
Let t(a) = -a**2 + 19*a. What is t(19)?
0
Let k(r) = r**2 + 13*r - 1. Give k(-14).
13
Let r(v) = -2*v**3 + 10*v**2 + 10*v + 18. What is r(6)?
6
Let z(d) = 14*d**3 - 2*d + 2. Calculate z(1).
14
Let i(k) = k + 13. Give i(-20).
-7
Let a(q) = -3*q + 20. Determine a(6).
2
Let q(k) = -k**3 - 7*k**2 - 4*k - 2. Calculate q(-7).
26
Let o(t) = t**3 - t**2 + 3*t + 5. Determine o(0).
5
Let m(i) = -18*i**2 - 3*i - 2. What is m(-1)?
-17
Let d(l) = l**2 - 11*l + 22. Determine d(6).
-8
Let w(z) = 2*z**2 + 3*z + 3. Calculate w(-2).
5
Let u(h) = 15*h + 117. Calculate u(-12).
-63
Let j(t) = -8*t**2 + 6*t - 27. Calculate j(3).
-81
Let y(r) = r**3 + 6*r**2 + 3*r + 4. What is y(-2)?
14
Let z(b) = -b**2 + 4*b - 2. Calculate z(1).
1
Let h(f) = f**2 - 5*f + 7. Calculate h(7).
21
Let c(i) = -i**3 + 9*i**2 - 8*i + 7. Determine c(8).
7
Let p(z) = -19*z**2 + z + 2. Give p(-1).
-18
Let s(k) = -k + 8. What is s(9)?
-1
Let u(j) = -j**2 + 16*j - 33. Calculate u(14).
-5
Let w(n) = 5*n - 26. What is w(11)?
29
Let c(q) = 23*q + 1. Give c(-2).
-45
Let j(z) = -9*z**3 + 2*z**2 - z - 4. What is j(-2)?
78
Let u(y) = y**3 + 6*y**2 + y + 7. Give u(-6).
1
Let k(u) = 2*u**2 + 22*u - 4. What is k(-11)?
-4
Let p(v) = 80*v**3 - v**2 + 3*v + 3. Determine p(-1).
-81
Let v(k) = -k**3 - 7*k**2 - 3*k + 2. Calculate v(-4).
-34
Let k(w) = -35*w - 181. Give k(-5).
-6
Let l(v) = v**3 - 15*v**2 - 13*v + 200. Determine l(15).
5
Let l(h) = -48*h - 134. Determine l(-3).
10
Let o(i) = i**3 + 57*i**2 - 58*i - 17. Calculate o(-58).
-17
Let o(n) = 16*n**2 - 9*n + 16. What is o(2)?
62
Let f(j) = 3*j + 25. Give f(-8).
1
Let w(p) = -2*p + 29. Give w(-14).
57
Let x(b) = -3*b**2 + 175*b - 45. Give x(58).
13
Let o(w) = -2*w**2 + 15*w - 5. What is o(8)?
-13
Let s(x) = x**2 + 12*x + 8. Determine s(-8).
-24
Let g(r) = -r**3 - 19*r**2 - 21*r - 22. Give g(-18).
32
Let l(r) = -r**2 + 10*r - 17. What is l(6)?
7
Let j(s) = -s**3 - 7*s**2 + 20*s - 1. Determine j(-9).
-19
Let s(q) = -q**3 - 17*q**2 + 19*q + 16. Determine s(-18).
-2
Let t(a) = a**3 + 12*a**2 - 14*a - 23. Determine t(-13).
-10
Let a(j) = -3*j**2 + 5*j - 16. Give a(7).
-128
Let t(o) = o**3 + 18*o**2 + 30*o - 32. Give t(-16).
0
Let o(i) = -8*i + 33. Give o(4).
1
Let l(m) = m**3 + 12*m**2 - 13*m + 1. Give l(-13).
1
Let a(m) = 9*m**2 - 3*m + 3. Calculate a(1).
9
Let i(a) = a**3 + 3*a**2 - a + 5. What is i(-4)?
-7
Let o(r) = 5*r**2 + r. What is o(1)?
6
Let l(k) = 2*k**2 - 34*k + 27. Determine l(16).
-5
Let l(r) = -96*r - 481. Determine l(-5).
-1
Let x(a) = a**3 - 9*a + 7. What is x(3)?
7
Let x(u) = u**2 - 24*u + 41. What is x(24)?
41
Let b(u) = -u**3 - 17*u**2 + 2*u + 12. Determine b(-17).
-22
Let v(b) = -b**2 + 3*b + 13. Give v(-4).
-15
Let l(y) = -y - 6. What is l(-3)?
-3
Let l(z) = 6*z - 27. Determine l(5).
3
Let g(a) = 4*a - 20. Determine g(4).
-4
Let w(i) = -i**3 + 2*i**2 - i - 2. Determine w(-1).
2
Let g(d) = d**3 + 9*d**2 - 13*d - 18. Calculate g(-10).
12
Let c(b) = 5*b - 74. Give c(14).
-4
Let o(g) = -g + 16. Calculate o(11).
5
Let a(g) = 5*g**2 + 38*g + 17. Calculate a(-7).
-4
Let w(o) = o**2 - 12*o - 23. Calculate w(14).
5
Let h(d) = d**3 - 10*d**2 - 11*d - 1. Calculate h(11).
-1
Let b(m) = 10*m + 47. Calculate b(-6).
-13
Let m(a) = -13*a + 5. Calculate m(-4).
57
Let x(k) = 13*k + 20. What is x(-4)?
-32
Let g(u) = -u**3 + 8*u**2 + 2*u + 8. What is g(8)?
24
Let r(b) = -b**2 - 14*b - 43. Determine r(-11).
-10
Let o(g) = -g**3 - 10*g**2 - 8*g + 7. What is o(-9)?
-2
Let l(t) = -t**3 - 39*t**2 - 2*t - 70. Give l(-39).
8
Let m(y) = y + 25. Calculate m(-9).
16
Let x(w) = -w**2 - 6*w + 7. Determine x(-6).
7
Let j(r) = 4*r + 13. Give j(-3).
1
Let b(q) = -2*q + 40. What is b(-17)?
74
Let k(h) = -36*h + 2. Calculate k(1).
-34
Let m